5)) is divided by 50/i + (-5)/20.
4
Let d = -2516 - -2571. What is the remainder when d is divided by 11?
0
Let i be -30 + 6 - (0 + -3). Let g = i + -43. Let z = g - -93. What is the remainder when z is divided by 16?
13
Let i(y) = 31*y + 208. Calculate the remainder when i(-5) is divided by 21.
11
What is the remainder when (-8860)/(-75) + 36/(-270) is divided by 16?
6
Let h be 4/(-6)*-6*1. Suppose 0 = -b - 4*b - h*r + 68, -3*r = -b + 6. What is the remainder when 21 is divided by b?
9
Let o = 6 - 3. Suppose o*k = -k + 36. Calculate the remainder when k is divided by 4.
1
Let m = 64 - 52. Let d = 0 + m. What is the remainder when 31 is divided by d?
7
Let a(d) = -3*d**3 + 2*d**2 - d. Let s be a(1). What is the remainder when (s + (-5)/(-2))*86 is divided by 15?
13
Let t(m) = m**3 + 10*m**2 - 8*m - 14. Let a be t(-10). What is the remainder when 21 + (0/3)/(-1) is divided by a/(-55)*40/(-6)?
5
Let m = 18 + -18. Calculate the remainder when 64 is divided by ((-7)/4)/((-8)/64) - m.
8
Let x(y) be the third derivative of 1/2*y**3 + 8*y**2 + 0*y + 0 + 1/60*y**5 - 7/24*y**4. Calculate the remainder when 75 is divided by x(8).
9
Let t be -1 - -166 - 2 - -2. Let q = t - 304. Let g = -85 - q. Calculate the remainder when g is divided by 14.
12
Suppose -5*c = 24 - 114. Suppose 0 = 4*k + 4*u - 36, -2*u + 1 = -2*k + 3. What is the remainder when c*(10/4 + -2) is divided by k?
4
Let o = -175 - -199. What is the remainder when 43 is divided by o?
19
What is the remainder when 49 is divided by 23*32/1840 + (-86)/(-10)?
4
Let i = 464 + -451. What is the remainder when 570 is divided by i?
11
What is the remainder when (-27)/(4131/(-10676)) + 4/18 is divided by 25?
20
Suppose -5*u + 165 = -2*u - 3*n, 0 = 2*n - 10. What is the remainder when u is divided by 36?
24
Let m(j) = -j**3 + 49*j**2 + 101*j + 89. What is the remainder when 144 is divided by m(51)?
30
Let r(o) = -o**2 + 7*o - 1. Let q = 75 + -67. Suppose -6 = g + 5*h, 0*h + q = -4*h. What is the remainder when r(6) is divided by g?
1
What is the remainder when (-10)/(-4)*(-2074)/(-305) is divided by 14?
3
Let m = -53 + 70. Let w = -10 + m. What is the remainder when 27 is divided by w?
6
Suppose 0 = -2*l + 6*l - 392. Let o(w) = -w**2 + 12*w - 3. Calculate the remainder when l is divided by o(6).
32
Let h = 43 + -39. What is the remainder when 4 is divided by (h/14)/(2*(-2)/(-56))?
0
Let k(g) = -9*g**2 + g. Let q be k(2). Calculate the remainder when q*5/(-20)*4/2 is divided by 4.
1
Suppose -3*k + 3 = -9. Suppose k*l = -0*l + 72. Calculate the remainder when l is divided by 10.
8
Let o(m) = -22*m - 12. Calculate the remainder when o(-3) is divided by 13.
2
Let w(g) = 10*g**3 + g**2 - g + 2. Let t be w(-2). Let k = 135 + t. Suppose 3*z = 4*z - k. What is the remainder when z is divided by 22?
19
Let j be 3/((2 - 3)/(-1)). Calculate the remainder when 0 + ((-744)/(-72) - 2/6) is divided by (-2)/(-2) - (0 - j).
2
What is the remainder when 4 - (-2 + -4 + 5) - -1392 is divided by 14?
11
Let q(i) = -10*i**3 + 2*i**2 + i. Let l be q(-1). Let y = 14 - l. Suppose u = 3 + y. What is the remainder when 21 is divided by u?
3
Let z(i) = i**3 - 4*i**2 - 11*i - 2. Let o be z(6). Suppose -704 = -o*w - 0*w. What is the remainder when w is divided by 45?
41
Let t(a) = a - 3. Let j be t(8). Suppose -j*i + 198 = 18. What is the remainder when i is divided by 19?
17
Let g = 168 - 50. Let q = g - 91. What is the remainder when q is divided by 7?
6
Let f(g) be the first derivative of -g**2 - 15*g - 30. What is the remainder when 117 is divided by f(-16)?
15
Suppose 3*j + 2*r - 50 - 45 = 0, 0 = 3*j + 3*r - 90. Suppose 0*b - 4*b + 39 = 3*o, -4*o + b = -33. Calculate the remainder when j is divided by o.
8
Suppose 3*r = -4*w - r - 196, 3*r - 103 = 2*w. What is the remainder when 38 is divided by (16*3/(-30))/(4/w)?
18
Suppose -20*g = -5*g - 5820. What is the remainder when g is divided by 49?
45
Let q(c) = c**2 - 4*c - 4. Let b = 1326 - 1297. What is the remainder when b is divided by q(7)?
12
Suppose -2*i - 4*m + 24 = 0, 5*i + 3*m = i + 23. Calculate the remainder when 13 is divided by i.
1
Suppose 0 = 3*n + 2*n - 5*m - 190, 3*m + 156 = 4*n. What is the remainder when n is divided by 12?
6
Suppose -3*i = 4*i - 2*i. Suppose 3*r - 15 - 15 = i. Let v(u) = 2*u**3 - u**2 - 2*u. Calculate the remainder when v(3) is divided by r.
9
Let c(n) = n**2 + 32. Let s be 1/(-4) + (-14)/(-56). Calculate the remainder when c(s) is divided by 11.
10
Let h = -31 + 175. Suppose -3855*z = -3835*z - 740. What is the remainder when h is divided by z?
33
Calculate the remainder when (24/5)/(723/90 + -8) is divided by 17.
8
Let p = -282 + 283. What is the remainder when p is divided by 1?
0
Suppose -19*h - 67 = -200. What is the remainder when 551 is divided by h?
5
Let j = 0 - 0. Suppose -5*f + 5*l + 50 = j, 5*f - 2 = -l + 60. Let h(b) = 2*b**2 + 6*b + 35. Calculate the remainder when h(-3) is divided by f.
11
What is the remainder when 170 is divided by (-1081)/(-19) - (-104)/988?
56
Let m(u) = u**2 + 10*u - 35. Calculate the remainder when 82 is divided by m(-14).
19
Let h(q) = -q**3 + 28*q**2 + 4*q - 100. Suppose 3*j - 2*j = 0. Suppose -4*g - g + 115 = j. Calculate the remainder when g is divided by h(28).
11
Let q = 298 + 120. Calculate the remainder when q is divided by 60.
58
Let z(o) be the third derivative of 0 + 1/60*o**5 - 2*o**2 - 1/4*o**4 + o**3 + 0*o. Calculate the remainder when 63 is divided by z(8).
19
Let p = -13 + 70. Suppose -5*o + 3*r - 7 = 0, 2*o + 2*o - 3*r + 5 = 0. Calculate the remainder when p is divided by -2 + 21 - 2/o.
17
Suppose -5*q - 4 = -3*f + 29, 0 = q. Suppose -2*w + 2*h + 27 - f = 0, -2*h + 56 = 4*w. What is the remainder when 81 is divided by w?
9
Let m(p) = 3*p**2 - 84*p + 8. Let f = 4 - -17. Calculate the remainder when f is divided by m(28).
5
Suppose -3935 = -4*g + 3*k, 4*g = k + 3092 + 849. What is the remainder when g is divided by 22?
18
Let m = 25 + -32. Let f be (-138)/8 - m/28. Let c = f - -34. Calculate the remainder when 31 is divided by c.
14
Let h = -21 + 30. Suppose q = h + 11. Calculate the remainder when q is divided by 7.
6
Suppose 3*m = 2*n + 183, -6*n + 201 = 3*m - 2*n. Let i = m - 45. Let c = 29 - i. Calculate the remainder when 19 is divided by c.
8
Suppose 2*t - 3 = 3. Suppose -3*i - 2*r - t*r + 48 = 0, -36 = -3*i - r. What is the remainder when i is divided by (-4)/18 - (-114)/27?
3
Suppose 55*x = -32*x + 2175. What is the remainder when 245 is divided by x?
20
Calculate the remainder when (228 - -1)/((4 - 1) + -2) is divided by 26.
21
Suppose 5*d + 70 = 5*i, -21*i + 64 = -17*i - 2*d. Calculate the remainder when 45 is divided by i.
9
Suppose 0 = 4*v - 5*m + 10*m - 110, 4*m - 52 = -2*v. Suppose -c + 16 = c. What is the remainder when v is divided by c?
6
Suppose -17*x = -20*x + 204. Calculate the remainder when 33 is divided by (1 + 1)/(8/x).
16
Let l(f) = 2*f**2 - 4*f + 17. Calculate the remainder when l(0) is divided by 13.
4
Let r = -31 - -26. Let l(w) = -w**2 - 8*w - 6. Calculate the remainder when 25 is divided by l(r).
7
Suppose 3*c = 6*c - 579. Let a = c + -90. Calculate the remainder when a is divided by 53.
50
Suppose -1140 = -4*l - 4*s, -7*s - 1125 = -4*l - 6*s. Calculate the remainder when l is divided by 58.
50
Suppose 2*k = 8, 4*c - 904 = -0*c - 2*k. What is the remainder when c is divided by 25?
24
Suppose h - 16 = 125. Suppose 3*n + s - 4*s - 87 = 0, 0 = -4*s - 20. Calculate the remainder when h is divided by n.
21
Suppose 3*j - 36 = 27. Let s(h) = h**3 + 10*h**2 - h - 53. What is the remainder when s(-6) is divided by j?
13
Let d = 972 - 651. What is the remainder when d is divided by 12?
9
Let y = 12 + -10. Let v(i) = -18*i**3 - i. Let a be v(y). Let q = a + 215. What is the remainder when q is divided by 35?
34
Suppose -93*g + 89*g = -72. What is the remainder when 159 is divided by g?
15
Suppose 3*f + 3*l = -l - 44, -3*l + 9 = -3*f. Let d be -10*(-17 + 16 + (-3)/(-5)). Calculate the remainder when 4 is divided by (-2 + f/d)*-1.
0
Suppose -3*w + 5*n + 68 = 0, 25*w - 21*w + 4*n = 48. Calculate the remainder when 65 is divided by w.
1
Let i(x) = x**3 - 17*x**2 - 17*x - 14. Let t = -14 - -16. Suppose -4*q - 2*k = t*k - 36, 0 = -2*q + 4*k + 42. What is the remainder when q is